is the remainder when 65153 is divided by 364?
361
What is the remainder when 1329768 is divided by 573?
408
Calculate the remainder when 1303436 is divided by 2232.
2180
Calculate the remainder when 349853 is divided by 87.
26
What is the remainder when 2762798 is divided by 262?
8
Calculate the remainder when 1520070 is divided by 422.
26
Calculate the remainder when 1697961 is divided by 955.
926
What is the remainder when 5893261 is divided by 997?
991
Calculate the remainder when 255150 is divided by 2240.
2030
Calculate the remainder when 394282282 is divided by 21.
16
Calculate the remainder when 278884 is divided by 92783.
535
What is the remainder when 4287793 is divided by 229?
226
Calculate the remainder when 4341682 is divided by 70027.
8
Calculate the remainder when 798828 is divided by 30717.
186
What is the remainder when 602633 is divided by 24?
17
Calculate the remainder when 11441436 is divided by 222.
0
Calculate the remainder when 182087 is divided by 5664.
839
Calculate the remainder when 385627 is divided by 4645.
92
Calculate the remainder when 2762246 is divided by 1381119.
8
Calculate the remainder when 4583618 is divided by 81.
71
What is the remainder when 12227698 is divided by 1528425?
298
What is the remainder when 14137268 is divided by 7068509?
250
Calculate the remainder when 633510 is divided by 2063.
169
Calculate the remainder when 15419521 is divided by 1401773.
18
Calculate the remainder when 487806 is divided by 778.
0
Calculate the remainder when 440916980 is divided by 22.
20
What is the remainder when 4972517 is divided by 19?
8
Calculate the remainder when 70073098 is divided by 5888.
10
Calculate the remainder when 154756 is divided by 832.
4
What is the remainder when 3912036 is divided by 228?
12
What is the remainder when 56103746 is divided by 151?
149
Calculate the remainder when 639745 is divided by 4740.
4585
What is the remainder when 3113030 is divided by 1895?
1440
What is the remainder when 41701 is divided by 57?
34
What is the remainder when 11002020 is divided by 123?
39
Calculate the remainder when 600964 is divided by 293.
21
What is the remainder when 231054287 is divided by 58673?
13
What is the remainder when 259612 is divided by 230?
172
Calculate the remainder when 263481824 is divided by 1559064.
8
What is the remainder when 229867 is divided by 182?
1
What is the remainder when 27914 is divided by 2068?
1030
Calculate the remainder when 8611140 is divided by 314.
4
What is the remainder when 12006177 is divided by 691?
52
Calculate the remainder when 146531 is divided by 1636.
927
Calculate the remainder when 108968 is divided by 2866.
60
What is the remainder when 23897424 is divided by 51?
48
What is the remainder when 5439702 is divided by 39705?
117
Calculate the remainder when 502458 is divided by 4735.
548
Calculate the remainder when 1698628 is divided by 282777.
1966
Calculate the remainder when 2955905 is divided by 4952.
4513
Calculate the remainder when 197147 is divided by 358.
247
Calculate the remainder when 1040685 is divided by 173444.
21
Calculate the remainder when 1798856 is divided by 1798804.
52
Calculate the remainder when 20010689 is divided by 530.
9
What is the remainder when 5150879 is divided by 294?
293
Calculate the remainder when 2837223 is divided by 8444.
39
Calculate the remainder when 149716 is divided by 47564.
7024
What is the remainder when 11107415 is divided by 159?
152
Calculate the remainder when 38661048 is divided by 10.
8
What is the remainder when 19340414 is divided by 4835101?
10
Calculate the remainder when 87926 is divided by 4460.
3186
What is the remainder when 345105 is divided by 832?
657
Calculate the remainder when 7170 is divided by 3305.
560
What is the remainder when 100952 is divided by 13?
7
Calculate the remainder when 465582 is divided by 71.
35
Calculate the remainder when 2780368 is divided by 463316.
472
What is the remainder when 396810 is divided by 99199?
14
Calculate the remainder when 45693 is divided by 3227.
515
Calculate the remainder when 2353109 is divided by 49.
31
What is the remainder when 2201850 is divided by 1145?
15
Calculate the remainder when 4749 is divided by 4564.
185
Calculate the remainder when 329032 is divided by 164265.
502
Calculate the remainder when 125090 is divided by 548.
146
Calculate the remainder when 374470051 is divided by 194.
193
Calculate the remainder when 5078998 is divided by 38.
32
What is the remainder when 30972597 is divided by 10?
7
Calculate the remainder when 2064608 is divided by 29918.
266
What is the remainder when 170391 is divided by 170385?
6
What is the remainder when 8135910 is divided by 1627180?
10
Calculate the remainder when 3741423 is divided by 107.
61
What is the remainder when 4004268 is divided by 9?
6
What is the remainder when 506078099 is divided by 1980?
1979
What is the remainder when 64702 is divided by 10763?
124
What is the remainder when 14416411 is divided by 961093?
16
What is the remainder when 164347 is divided by 3043?
25
What is the remainder when 3153285 is divided by 107?
102
Calculate the remainder when 1215034 is divided by 419.
353
Calculate the remainder when 2973656 is divided by 580.
576
Calculate the remainder when 440988 is divided by 220472.
44
What is the remainder when 11034 is divided by 284?
242
What is the remainder when 119433 is divided by 111655?
7778
What is the remainder when 51884 is divided by 17292?
8
What is the remainder when 6095176 is divided by 1753?
1748
Calculate the remainder when 55093977 is divided by 20.
17
What is the remainder when 4291948 is divided by 274?
12
Calculate the remainder when 1861795347 is divided by 90.
87
What is the remainder when 139090138 is divided by 107?
89
What is the remainder when 17871152 is divided by 1492?
1468
What is the remainder when 549822 is divided by 4070?
372
Calculate the remainder when 70372 is divided by 352.
324
Calculate the remainder when 106873090 is divided by 8.
2
Calculate the remainder when 56486 is divided by 11177.
601
What is the remainder when 6857547 is divided by 51?
36
Calculate the remainder when 2433963 is divided by 139.
73
Calculate the remainder when 11464660 is divided by 33819.
19
What is the remainder when 54893691 is divided by 832?
827
What is the remainder when 2703880 is divided by 282?
64
What is the remainder when 68649622 is divided by 72?
70
Calculate the remainder when 7066909 is divided by 588906.
37
What is the remainder when 661836 is divided by 16967?
123
Calculate the remainder when 248414 is divided by 6369.
23
What is the remainder when 24342 is divided by 972?
42
Calculate the remainder when 92466 is divided by 13161.
339
What is the remainder when 6831890 is divided by 3415938?
14
What is the remainder when 72671 is divided by 72457?
214
Calculate the remainder when 11150865 is divided by 53.
36
What is the remainder when 4051358 is divided by 279?
278
What is the remainder when 3451134 is divided by 1104?
30
What is the remainder when 79749206 is divided by 2849?
2847
Calculate the remainder when 387667 is divided by 43057.
154
What is the remainder when 28623 is divided by 3458?
959
What is the remainder when 4628402 is divided by 4628349?
53
Calculate the remainder when 31034 is divided by 567.
416
Calculate the remainder when 1461242 is divided by 21.
20
What is the remainder when 1422305 is divided by 284447?
70
Calculate the remainder when 23819967 is divided by 1534.
15
Calculate the remainder when 307706579 is divided by 108.
107
What is the remainder when 55929519 is divided by 4?
3
What is the remainder when 502322 is divided by 818?
70
Calculate the remainder when 24873341 is divided by 13.
12
What is the remainder when 4186 is divided by 924?
490
Calculate the remainder when 126402119 is divided by 56.
39
What is the remainder when 7500581 is divided by 639?
638
What is the remainder when 1841180 is divided by 4128?
92
Calculate the remainder when 7550408 is divided by 190.
188
What is the remainder when 10574451 is divided by 1412?
1395
What is the remainder when 24199623 is divided by 410163?
6
Calculate the remainder when 772851 is divided by 8383.
1615
What is the remainder when 90475 is divided 